{"id":2,"date":"2024-03-04T11:34:47","date_gmt":"2024-03-04T10:34:47","guid":{"rendered":"http:\/\/riona.fr\/?page_id=2"},"modified":"2025-07-30T22:11:14","modified_gmt":"2025-07-30T20:11:14","slug":"page-d-exemple","status":"publish","type":"page","link":"https:\/\/riona.fr\/en\/page-d-exemple\/","title":{"rendered":"Savoir-Faire"},"content":{"rendered":"<p>Nous sommes particuli\u00e8rement attach\u00e9s au savoir-faire, aux mati\u00e8res, \u00e0 la belle facture et nous aimons travailler avec les meilleurs. Ils sont souvent fran\u00e7ais, pays d\u2019excellence, de culture et d\u2019innovation. L\u2019Espagne et l\u2019Italie occupent \u00e9galement leur place dans cette s\u00e9lection rigoureuse des talents.<\/p>\r\n<div id=\"cms_content\" class=\"row rte\">\r\n<div class=\"block-center col-xs-12\">\r\n<div class=\"skills\">\r\n<div class=\"skills-list\">\r\n<div class=\"block-list clearfix\">\r\n<div class=\"list-text\">\r\n<p class=\"skills-list-title\"><strong>Le design<\/strong><\/p>\r\n<p>Nous nous sommes entour\u00e9s de jeunes talents du design qui ont su comprendre notre univers et le restituer dans une puret\u00e9 de style, exaltant la beaut\u00e9 des mati\u00e8res et du savoir-faire et donnant \u00e0 nos cr\u00e9ations une dimension intemporelle.<\/p>\r\n<\/div>\r\n<\/div>\r\n<div class=\"block-list clearfix\">\r\n<div class=\"list-text\">\r\n<p class=\"skills-list-title\"><strong>Les ateliers<\/strong><\/p>\r\n<p>Les ateliers experts que nous avons s\u00e9lectionn\u00e9s sont des artisans du luxe, qui allient le savoir-faire manuel \u00e0 la qualit\u00e9 et \u00e0 l\u2019innovation. Ils fa\u00e7onnent exclusivement pour des maisons de luxe.<\/p>\r\n<\/div>\r\n<\/div>\r\n<div class=\"block-list clearfix\">\r\n<div class=\"list-text\">\r\n<p class=\"skills-list-title\"><strong>La coupe<\/strong><\/p>\r\n<p>Comme nous utilisons uniquement des cuirs naturels, la coupe est une \u00e9tape clef dans le processus de fabrication, exigeant, dans le luxe, une vraie culture de la mati\u00e8re.<\/p>\r\n<\/div>\r\n<\/div>\r\n<div class=\"block-list clearfix\">\r\n<div class=\"list-text\">\r\n<p class=\"skills-list-title\"><strong>Les pi\u00e8ces m\u00e9talliques<\/strong><\/p>\r\n<p>Nos pi\u00e8ces m\u00e9talliques sont en inox plaqu\u00e9 or ou argent, gage de qualit\u00e9 et de durabilit\u00e9.<\/p>\r\n<\/div>\r\n<\/div>\r\n<div class=\"block-list clearfix\">\r\n<div class=\"list-text\">\r\n<p class=\"skills-list-title\"><strong>Le fil<\/strong><\/p>\r\n<p>Pour la sellerie et la fabrication de nos ceintures, nous utilisons exclusivement un fil haute r\u00e9sistance made in Germany. Son tressage dense de 26 fils offre une solidit\u00e9 sans \u00e9quivalent et une brillance particuli\u00e8re. Il donne au point sellier tout son \u00e9clat.<\/p>\r\n<\/div>\r\n<\/div>\r\n<div class=\"block-list clearfix\">\r\n<div class=\"list-text\">\r\n<p class=\"skills-list-title\"><strong>La teinture de tranche<\/strong><\/p>\r\n<p>Ultime finition faite \u00e0 la main, elle signe la beaut\u00e9 de toute pi\u00e8ce en cuir. Elle n\u00e9cessite un travail m\u00e9ticuleux de pr\u00e9paration, incluant pon\u00e7age, lustrage avant l\u2019application de quatre couches de pigments.<\/p>\r\n<\/div>\r\n<\/div>\r\n<div class=\"block-list clearfix\">\r\n<div class=\"list-text\">\r\n<p class=\"skills-list-title\"><strong>Le zip<\/strong><\/p>\r\n<p>Du dessin aux finitions, aucun d\u00e9tail n\u2019est laiss\u00e9 au hasard. M\u00eame nos zips proviennent de la r\u00e9f\u00e9rence italienne en la mati\u00e8re. La somme de ces exigences parach\u00e8ve un produit unique, manufactur\u00e9 dans les r\u00e8gles de l\u2019art.<\/p>\r\n<\/div>\r\n<\/div>\r\n<\/div>\r\n<\/div>\r\n<\/div>\r\n<\/div>","protected":false},"excerpt":{"rendered":"<p>Nous sommes particuli\u00e8rement attach\u00e9s au savoir-faire, aux mati\u00e8res, \u00e0 la belle facture et nous aimons travailler avec les meilleurs. Ils sont souvent fran\u00e7ais, pays d\u2019excellence, de culture et d\u2019innovation. L\u2019Espagne et l\u2019Italie occupent \u00e9galement leur place dans cette s\u00e9lection rigoureuse des talents. Le design Nous nous sommes entour\u00e9s de jeunes talents du design qui ont&#8230;<\/p>","protected":false},"author":1,"featured_media":0,"parent":0,"menu_order":0,"comment_status":"closed","ping_status":"open","template":"","meta":{"_kad_post_transparent":"disable","_kad_post_title":"hide","_kad_post_layout":"normal","_kad_post_sidebar_id":"","_kad_post_content_style":"unboxed","_kad_post_vertical_padding":"bottom","_kad_post_feature":"","_kad_post_feature_position":"","_kad_post_header":false,"_kad_post_footer":false,"footnotes":""},"class_list":["post-2","page","type-page","status-publish","hentry"],"_links":{"self":[{"href":"https:\/\/riona.fr\/en\/wp-json\/wp\/v2\/pages\/2","targetHints":{"allow":["GET"]}}],"collection":[{"href":"https:\/\/riona.fr\/en\/wp-json\/wp\/v2\/pages"}],"about":[{"href":"https:\/\/riona.fr\/en\/wp-json\/wp\/v2\/types\/page"}],"author":[{"embeddable":true,"href":"https:\/\/riona.fr\/en\/wp-json\/wp\/v2\/users\/1"}],"replies":[{"embeddable":true,"href":"https:\/\/riona.fr\/en\/wp-json\/wp\/v2\/comments?post=2"}],"version-history":[{"count":0,"href":"https:\/\/riona.fr\/en\/wp-json\/wp\/v2\/pages\/2\/revisions"}],"wp:attachment":[{"href":"https:\/\/riona.fr\/en\/wp-json\/wp\/v2\/media?parent=2"}],"curies":[{"name":"wp","href":"https:\/\/api.w.org\/{rel}","templated":true}]}}

<p>Nous sommes particulièrement attachés au savoir-faire, aux matières, à la belle facture et nous aimons travailler avec les meilleurs. Ils sont souvent français, pays d’excellence, de culture et d’innovation. L’Espagne et l’Italie occupent également leur place dans cette sélection rigoureuse des talents.</p>
<div id="cms_content" class="row rte">
<div class="block-center col-xs-12">
<div class="skills">
<div class="skills-list">
<div class="block-list clearfix">
<div class="list-text">
<p class="skills-list-title"><strong>Le design</strong></p>
<p>Nous nous sommes entourés de jeunes talents du design qui ont su comprendre notre univers et le restituer dans une pureté de style, exaltant la beauté des matières et du savoir-faire et donnant à nos créations une dimension intemporelle.</p>
</div>
</div>
<div class="block-list clearfix">
<div class="list-text">
<p class="skills-list-title"><strong>Les ateliers</strong></p>
<p>Les ateliers experts que nous avons sélectionnés sont des artisans du luxe, qui allient le savoir-faire manuel à la qualité et à l’innovation. Ils façonnent exclusivement pour des maisons de luxe.</p>
</div>
</div>
<div class="block-list clearfix">
<div class="list-text">
<p class="skills-list-title"><strong>La coupe</strong></p>
<p>Comme nous utilisons uniquement des cuirs naturels, la coupe est une étape clef dans le processus de fabrication, exigeant, dans le luxe, une vraie culture de la matière.</p>
</div>
</div>
<div class="block-list clearfix">
<div class="list-text">
<p class="skills-list-title"><strong>Les pièces métalliques</strong></p>
<p>Nos pièces métalliques sont en inox plaqué or ou argent, gage de qualité et de durabilité.</p>
</div>
</div>
<div class="block-list clearfix">
<div class="list-text">
<p class="skills-list-title"><strong>Le fil</strong></p>
<p>Pour la sellerie et la fabrication de nos ceintures, nous utilisons exclusivement un fil haute résistance made in Germany. Son tressage dense de 26 fils offre une solidité sans équivalent et une brillance particulière. Il donne au point sellier tout son éclat.</p>
</div>
</div>
<div class="block-list clearfix">
<div class="list-text">
<p class="skills-list-title"><strong>La teinture de tranche</strong></p>
<p>Ultime finition faite à la main, elle signe la beauté de toute pièce en cuir. Elle nécessite un travail méticuleux de préparation, incluant ponçage, lustrage avant l’application de quatre couches de pigments.</p>
</div>
</div>
<div class="block-list clearfix">
<div class="list-text">
<p class="skills-list-title"><strong>Le zip</strong></p>
<p>Du dessin aux finitions, aucun détail n’est laissé au hasard. Même nos zips proviennent de la référence italienne en la matière. La somme de ces exigences parachève un produit unique, manufacturé dans les règles de l’art.</p>
</div>
</div>
</div>
</div>
</div>
</div>

<p>Nous sommes particulièrement attachés au savoir-faire, aux matières, à la belle facture et nous aimons travailler avec les meilleurs. Ils sont souvent français, pays d’excellence, de culture et d’innovation. L’Espagne et l’Italie occupent également leur place dans cette sélection rigoureuse des talents. Le design Nous nous sommes entourés de jeunes talents du design qui ont&#8230;</p>
